culate the remainder when 329/((-5)/(45/(-108)) - 11) is divided by 155.
19
Suppose -r + 2642 = 3*h + 2*h, -2*h - 2*r + 1060 = 0. Let l = -510 + h. Let m(x) = x**2 - x + 67. What is the remainder when m(0) is divided by l?
13
Suppose 12*v + 41*v = 2703. What is the remainder when 130 is divided by v?
28
What is the remainder when 738 is divided by (-48)/(-9) - (-17794)/123?
138
Suppose -7*g = -13277 + 5052. What is the remainder when g is divided by 49?
48
Suppose 5*d - 78 = -4*n, 0 = 4*n - 3*n - 3*d - 28. What is the remainder when ((-26)/4 + 4)*((-1856)/10)/8 is divided by n?
14
Suppose -2*z - 2122 = -3*p - 650, -p = -z - 491. What is the remainder when p is divided by 130?
100
Suppose 13*v + 560 = 31*v - 6028. What is the remainder when v is divided by 115?
21
What is the remainder when 1553 is divided by (156/(-10))/(464/(-1160))?
32
Let l be 24 + -76 + 3*8/6. Let r = l - -52. What is the remainder when 18 is divided by r?
2
Let m be (42/18 - -3)*33. Suppose 7*c + 99 = m. What is the remainder when 18 is divided by c?
7
Suppose 39*d + 2*f - 4546 = 37*d, -5*d + 11358 = -2*f. Calculate the remainder when d is divided by 94.
16
Let k be 790/(2/(1440/8)). What is the remainder when (k/(-175))/(6/(-21)) is divided by 15?
12
Let t(v) = -v**2 - 81*v - 1425. What is the remainder when 5152 is divided by t(-26)?
2
Let g(u) be the third derivative of -25*u**4/24 - 14*u**3 - u**2 + 1. What is the remainder when 43 is divided by g(-4)?
11
Let z(k) be the first derivative of -k**4/4 + 23*k**3/3 - 10*k**2 - 22*k - 42. Calculate the remainder when 49 is divided by z(22).
5
Calculate the remainder when 6203 - (-9 - 70/(-5)) is divided by 5.
3
Let r = 203 - 211. What is the remainder when 2/r + (-424)/(-32) is divided by 8?
5
Suppose -3*v - 80 = -s, 6256 = -3*s - 2*v + 6441. What is the remainder when 162 is divided by s?
32
Let f(h) = -h**3 - 17*h**2 + 35*h - 17. Let i be f(-19). Suppose 158 = -i*s + 42*s. What is the remainder when s is divided by 59?
20
Let z be 3 - (-5 - (-5 + 4 + -3)). Let k(r) = 1 + 1 + z*r**2 + 52*r - 30*r. Calculate the remainder when k(5) is divided by 54.
50
Suppose -68*x + 239238 = 9*x - 241935. What is the remainder when x is divided by 125?
124
Suppose -302 + 746 = 36*d - 2436. Calculate the remainder when 232 is divided by d.
72
Let z be 1/2*-2 - 20. Let s = z + 34. Suppose -4*y + 329 - 352 = -j, 3*j + y = 69. What is the remainder when j is divided by s?
10
Let o be (1 - (0 - -35)) + -20 + 17. Let w = o - -53. What is the remainder when 16 is divided by ((-12)/w)/(2 - (-50)/(-24))?
7
Suppose -36 = 6*n + 6*n. Let j(f) = -f**2 - 7*f - 3. Let u(c) = -4*c**3 - c**2 - 2*c + 1. What is the remainder when u(-2) is divided by j(n)?
6
Let p = 161 + -53. Let d(u) = -2*u**2 - 20*u + 11. Calculate the remainder when p is divided by d(-10).
9
Let v(y) = 5*y + 869. What is the remainder when v(-94) is divided by 8?
7
Let x(z) = -z**3 + z**2 - 8*z + 6. Let y be x(3). Let o(g) = 45*g + 2. Let r be o(1). Let n = r + y. What is the remainder when 21 is divided by n?
10
Suppose 0*g + 30*r - 32*r - 9500 = -4*g, 0 = -4*r. What is the remainder when g is divided by 70?
65
Suppose -32917*b - 2 = -32918*b. Suppose 6 = -3*q + 3*i, 2*q = 7*q - 4*i + 10. What is the remainder when (-6 - -9)*(1 - q) is divided by b?
1
Let t(y) = -11*y + 3. Let u be t(3). Calculate the remainder when (-11)/(110/12)*-15 is divided by (-3)/(-2)*u/(-9).
3
Let l(o) = 2*o**2 - 11*o + 5. Let h be l(5). Suppose 3*w - 3 - 45 = h. Calculate the remainder when 28 is divided by w.
12
Suppose 0 = 15*s - 605 - 505. Suppose -4*w + 18 = -w - 5*n, 2*n + 6 = w. Suppose -2*o = -w*o + 76. What is the remainder when s is divided by o?
17
Suppose 496 - 10 = -6*p. Let t(o) = -o**3 - 10*o**2 - 10*o - 12. Let x be t(-9). What is the remainder when 98 is divided by p/(-3) + (x - 2/(-1))?
20
Let i = -293 - -209. What is the remainder when -1 - -2 - 570/(-3) is divided by (-228)/(-14) - ((-216)/i)/9?
15
Let j(w) = -2*w**2 - 28*w + 6181. Let n(u) = -u**3 - 7*u**2 - 9*u. What is the remainder when n(-6) is divided by j(49)?
4
Suppose 29*i = 1004 - 2396. Suppose 20 - 84 = 2*y. Let p = y - i. Calculate the remainder when 63 is divided by p.
15
Calculate the remainder when ((-1498)/5)/(((-5)/(-10))/(10/(-4))) is divided by 746.
6
Suppose -5*w - 1 = -3*s - 3, -3*w - 10 = s. Let x be -96 - (w - 0 - 0). Let k = x + 181. Calculate the remainder when k is divided by 15.
12
Let w = 9 - -394. Let y = w + -394. Let o(s) = -17*s - 1. Calculate the remainder when o(-1) is divided by y.
7
Let v = -66 + 143. Suppose 5*s + 5*c - 2860 = 0, 2*s - 1142 = 53*c - 57*c. Calculate the remainder when v is divided by (-38)/399 - s/(-63).
5
Let o(g) = -40*g + 8. Let u be o(-1). Suppose -5*a + u = b + 2*b, a = 0. What is the remainder when ((-4)/(-6))/(b/552) is divided by 13?
10
Let c(q) = -q**2 - 32*q + 27. What is the remainder when c(-18) is divided by 20?
19
Let n = 15 - -5. Let z(h) = -h**3 - 2*h**2 - h. Let c be z(-4). Let j = 40 - c. Calculate the remainder when n is divided by j.
0
Let w(g) = g**3 + 8*g**2 - 39. Calculate the remainder when w(6) is divided by 11.
3
Let t(y) = y**2 - 2*y - 17. Let d be t(-5). What is the remainder when (6/4)/((-15)/(-1100)) is divided by 6*((-8)/d)/((-6)/63)?
26
Let j = -46 - 39. Let m = j + 225. Let l = 224 - m. What is the remainder when l is divided by 23?
15
Let v = -453 - -806. Suppose 0 = -8*i + v + 231. Suppose -4*h + 42 = -f - 101, i = 2*h - f. What is the remainder when h is divided by 6?
5
Let n = 743 - 719. Suppose -2*a - 5*j = -300, -2*j = 25*a - n*a - 152. What is the remainder when a is divided by 49?
13
Suppose -4*p - 4*s = -88, 9*p - 11*p - 5*s + 59 = 0. Calculate the remainder when 191 is divided by p.
4
Let m = 543 + -486. Let v(c) = 21*c**2 - c. Calculate the remainder when m is divided by v(1).
17
Suppose -14104 = -9*i - 5464. Calculate the remainder when i is divided by 9.
6
Let c = -125 - -119. Let a be ((-3)/6)/((-1)/c). Calculate the remainder when 49 is divided by a - (-24)/9 - (-80)/6.
10
Let r = 96 + -87. Suppose 6*q - l = 4*q + 37, -3*l = -r. Calculate the remainder when 49 is divided by q.
9
Let z(s) be the first derivative of s**4/4 + 19*s**3/3 + 21*s**2/2 + 56*s - 74. Calculate the remainder when z(-13) is divided by 25.
22
Calculate the remainder when (1368/1140)/(1*6/4390) is divided by 22.
20
Let b(y) = 4*y**2 + 174*y + 52. Let m be b(-43). Let a = m - -78. What is the remainder when 96 is divided by a?
8
Let n be ((6 - 11) + 6)*(195 + 1). Suppose 3*f + 4*x + 108 = 406, -4*x = 2*f - n. Suppose 9*o - 6*o = f. Calculate the remainder when 134 is divided by o.
32
Suppose 0 = 2*v - 68 - 964. Suppose -2*g = -3*s - 537, s + v = 2*g + 5*s. Let b = -143 + g. What is the remainder when b is divided by 31?
28
Suppose 0 = i + 2*z + 42, 6*i + 3*z + 120 = 3*i. What is the remainder when 57 + i - 6/2 is divided by 10?
6
Suppose 461 - 438 = n - y, -y = -2*n + 56. Let w(r) = 115*r**2 + 2*r - 1. What is the remainder when w(1) is divided by n?
17
Suppose n = 5*n - 56. Suppose 7*z + 1025 = 32*z. What is the remainder when z is divided by n?
13
Suppose -232*c + 242*c - 4580 = 0. Let a = c - 275. Calculate the remainder when a is divided by 32.
23
Let x(h) = 5*h**3 - 13*h**2 - 3*h**3 + 26 + 3*h - 13*h - h**3. Let f = -297 + 311. Calculate the remainder when x(f) is divided by 14.
12
Suppose 3*g - l + 211 = 8*g, l + 83 = 2*g. What is the remainder when 629 is divided by g?
41
Let t = -6865 + 7263. What is the remainder when t is divided by 89?
42
Let j be (152/20 + 8/(-2))*-5. What is the remainder when 50 is divided by 2/(-3)*(-12 + j)?
10
Let a = -259 + 302. Suppose 26*o - a - 61 = 0. What is the remainder when 8 is divided by o?
0
Suppose 100 = 4*s - 4*g, -4*g = -2*s + 16 + 38. Let x(h) = -13*h - 43. Let j be x(-6). What is the remainder when s is divided by j*((-96)/(-42) - 2)?
3
Let c(v) = -v**3 - 15*v**2 - 65*v - 198. What is the remainder when 172 is divided by c(-11)?
7
What is the remainder when 4695 is divided by 7 + 3066/(-434) + 1800/31?
55
Let f = -465 + 468. Suppose 16 = f*k - r, k + 0*r = -4*r - 12. Calculate the remainder when 13 is divided by k.
1
What is the remainder when (-12)/(-44) + 40589/407 is divided by (4 + -5)*(-18 + -1)?
5
Calculate the r